 of 72 and o?
8
Suppose -2*r + 28 = 3*t, 0 = 4*t - r - 58 + 39. Let b be 1 + 3/(-4) + 23/4. What is the highest common factor of t and b?
6
Suppose 67*q = 60*q + 210. Let z be -2 + -141*(8/3 + -3). Calculate the highest common divisor of q and z.
15
Suppose -2*j = 10*j + 5964. Let y = j - -509. What is the highest common factor of 66 and y?
6
Let h be (-24)/(-66) + (-777)/231 - (-3 + -26). Let i be (0 - -2)*(-1 - -53). What is the greatest common factor of h and i?
26
Suppose -o = 4*d - 118, -4*o - 46 = -3*d + 71. Calculate the highest common factor of d and 1829.
31
Let p be 975697/1393 + 6/(-14). Calculate the highest common divisor of 84 and p.
28
Suppose -w + 2*k = -598, -4*w - k + 2441 = -2*k. Calculate the highest common factor of w and 78.
6
Suppose -2*f + 4 = 0, -7*c + 858 = 61*f - 59*f. Suppose 1704 = 2*h + 2*h - 2*r, 2*h - 2*r - 850 = 0. Calculate the highest common divisor of c and h.
61
Let n = -249 + 246. Let g be n/(-2)*(-1612)/(-93). What is the highest common divisor of 416 and g?
26
Let n(w) be the third derivative of -5*w**4/24 + 145*w**3/6 - 92*w**2. Let f be n(16). What is the greatest common factor of f and 260?
65
Let y be -1*((32 - 39) + 51*-11). What is the highest common divisor of 20 and y?
4
Suppose 3*q + q - 584 = -6*t, 4*t + 5*q - 394 = 0. Suppose -2*w + t = 3*y, 3*w + 2*y - 78 = 56. Calculate the greatest common factor of 112 and w.
14
Let s be -2*(2 - 1) + 141. Let h be s/4 - (-2)/(3 + 5). Calculate the highest common divisor of h and 70.
35
Suppose -25*u + 2144 = -281. Let h = u + 36. Calculate the greatest common divisor of 57 and h.
19
Let v be (-420)/(-980)*(-2)/6 + (-38004)/(-7). What is the highest common factor of v and 89?
89
Let w be 63/(-126) - (-278)/4. Calculate the highest common divisor of 3450 and w.
69
Suppose -374 = -223*l + 189*l. What is the highest common divisor of l and 253?
11
Suppose -m = p - 49, 279*p - 286*p = 4*m - 328. Suppose -8 = -2*x - 0. Let d = 8 - x. Calculate the highest common divisor of p and d.
4
Let v = -72 + 74. Let b(k) = k**3 - 4*k**2 - k + 6. Let w be b(v). Let u(f) = -36*f + 17. Let m be u(w). Calculate the greatest common divisor of 23 and m.
23
Let t(o) = 44*o - 2. Let b be t(3). Suppose b = -5*i + g, -g = 5*i - 36 + 176. Let p = i + 37. Calculate the greatest common divisor of p and 30.
10
Suppose 7648*s - 7681*s + 693 = 0. Suppose 2*f + f = 2016. What is the highest common factor of f and s?
21
Let i = 633 + -629. Suppose 3*y - y - 6 = -4*n, -i*n = -5*y + 15. What is the highest common divisor of 75 and y?
3
Suppose -1230 - 534 = -9*k. Let f = -298 + k. Let q be (0 - -7)*(f/42 + 5). What is the highest common divisor of 9 and q?
9
Let z(v) = 37*v**3 - 9*v**2 + 15*v - 14. Let u be z(6). Suppose 0 = 19*t + 3*t - u. Calculate the greatest common factor of t and 132.
44
Suppose 28*m - 4880 = -721 + 1077. What is the highest common divisor of 391 and m?
17
Suppose 965 = 37*g + 262. What is the highest common factor of 779 and g?
19
Let q(p) = -160 + 6*p - 137 + 172. Let b be q(22). What is the highest common factor of b and 14?
7
Let j = -2908 - -3214. What is the highest common divisor of 144 and j?
18
Let v be (-12 - -15)/((-9)/(-39)). Let j be (-13)/(v/(-6)) + 49. What is the greatest common factor of j and 5?
5
Let q(c) = c**3 + 23*c**2 + 36*c + 357. Let x be q(-21). Calculate the greatest common divisor of 138 and x.
69
Let h = 5798 - 5742. What is the greatest common divisor of 42 and h?
14
Let p be 34130/9 + (-29)/(1305/10). What is the greatest common divisor of p and 48?
48
Let m(u) = -6*u - 12. Let f be m(-3). Let p be -28*f*5/(-20). Suppose -w = w - p. What is the highest common divisor of 147 and w?
21
Let r be (-126 - -109) + 2 + 2654. What is the highest common divisor of r and 39?
13
Let k = 536 - 524. Suppose -4*f + 32 = -52. Suppose -3*q - f = -2*u, 0 + 3 = 3*u + 5*q. What is the highest common divisor of k and u?
6
Suppose -6 = -6*y + 12. Let g(p) = 0*p**2 + 1 - p**3 + y*p**2 + 3*p**2. Let s be g(6). Calculate the highest common divisor of s and 9.
1
Suppose 3*f + 0 = 9. Suppose u = -w - 1, 10 = 2*w - u + f. Suppose -2*c + w*p = -44, 3*c = 3*p - 7*p + 59. What is the highest common divisor of 231 and c?
21
Let y be 1 - (4 - 30/(-2)). Let b = -25 + 19. Let t = b - y. Calculate the greatest common factor of 12 and t.
12
Let o = -2170 + 2192. What is the highest common divisor of o and 3179?
11
Let k(y) = 5*y + 82. Let q be k(25). Let d = -176 - -199. What is the highest common factor of d and q?
23
Suppose 2*b = 3*m + 7*b - 157, 220 = 4*m - 4*b. Let d = m + -6. What is the highest common divisor of 6 and d?
6
Let q = -5575 - -5585. Suppose 125 = 5*x - 125. Calculate the highest common divisor of x and q.
10
Let t be (-114)/(-8)*(-300)/(-9). Suppose 2*y + 3*m - 910 = m, -3*m - t = -y. Calculate the greatest common factor of y and 40.
20
Suppose -5*w + 0*w + 34 = y, 3*w = -2*y + 33. Let v be (-1870 + 7)/y*2/(-6). What is the highest common factor of v and 115?
23
Let i(j) = 16*j - 341. Let d be i(21). Let x(l) = 2*l + 40. Let k be x(d). Let t be (-1)/2 + (-162)/(-4). Calculate the highest common divisor of k and t.
10
Let g = 176 + -183. Let x(i) = i**3 + 10*i**2 + 20*i + 8. Let u be x(g). What is the greatest common divisor of u and 120?
15
Let z = -99 - -109. Suppose -6*l = -z*l + 16. Calculate the greatest common factor of l and 128.
4
Let t(u) = -u + 59. Let r be t(-37). What is the greatest common divisor of r and 376?
8
Suppose -m = -5*d + m + 35, 4*d + 5*m = -5. Suppose -20 = -34*q + 29*q - d*n, 2*q - 8 = n. Calculate the greatest common divisor of q and 92.
4
Suppose 2*j - 8 = 3*q + 2, 0 = q - 2. Let r = 408 + -248. Suppose -30*m + 22*m = -r. What is the highest common factor of m and j?
4
Suppose -4*j - 4 = 4*r, j + 4*j = -3*r - 11. Suppose 60 = -19*y + 39*y. Suppose y*d - 50 = -23. What is the highest common divisor of r and d?
3
Let v = -5179 - -5740. What is the greatest common divisor of v and 3179?
187
Let v(t) = -1102*t + 86. Let p be v(-2). Calculate the greatest common factor of 10 and p.
10
Suppose 3*f = 3*w - 18, -3*f = w - 3*w + 19. Let p = 48 - 34. Let n = p + f. What is the highest common factor of 28 and n?
7
Let v = -13653 - -13769. What is the greatest common factor of 25346 and v?
58
Suppose 127 + 263 = g. Let m be (10/(-8))/((-91)/2184). Calculate the greatest common divisor of m and g.
30
Suppose 4*i - 3*i = 4. Suppose 16 = -i*m - 0*m. Let u be (-7 - 2)/(m/36). Calculate the greatest common divisor of u and 54.
27
Let v(n) = -51*n - 18. Let d be v(-3). Suppose 2*h - 4*q - 78 = 0, 2*h = -2*h + q + d. Suppose -h = 5*r - 358. What is the highest common factor of 5 and r?
5
Suppose 0*f + 5*f = 100. Let g be ((-15)/(-6))/((-39)/(-18) - 2). What is the greatest common factor of f and g?
5
Let w be (-35)/5*12/(-14). Let x be -14 - (-4)/(-8)*1802/(-53). Calculate the greatest common factor of w and x.
3
Let c(q) = q**2 - 5*q - 17. Let i be c(6). Let s(v) = v**2 + 12*v + 12. Let a be s(i). Calculate the greatest common factor of 1 and a.
1
Let r = 82 - 19. Let i be 1/((r/33 + -2)/(-1)). Suppose 3*f - 220 = 11. What is the greatest common factor of i and f?
11
Suppose -44*m = -46*m - 162. Let a be 24*4/(-12)*m. Calculate the greatest common factor of 36 and a.
36
Let s = -1440 - -1555. What is the highest common divisor of 2507 and s?
23
Suppose -5*t + 3*s = -148, -3*t + 54 + 34 = -2*s. Let w be t/256 + (-151)/(-8). Suppose -120 - 32 = -2*c. Calculate the highest common divisor of c and w.
19
Let m = 67 - 63. Suppose 2*t + 0*t + 3*u - 74 = 0, -2*t + m*u + 74 = 0. What is the highest common factor of 185 and t?
37
Suppose -13430 = -5*r + 4*o, -3*o - 2*o = -3*r + 8071. Calculate the greatest common divisor of r and 18.
18
Let k be (-96)/(-18)*(3 - -3). Suppose 3*z - 5*z = -k. Calculate the highest common divisor of z and 528.
16
Let t(k) = k - 7. Let d be t(-3). Let i be d/35 - 51/(-7). Suppose -3*n + 39 = -24. What is the highest common factor of i and n?
7
Suppose -2*q - 476 = 2*n, -q + 3*q + 238 = -n. Let l = n + 248. What is the highest common factor of l and 30?
10
Suppose 0 = 8*u - 4920 + 400. What is the highest common divisor of 35 and u?
5
Suppose -i - 12 = p, -10 = -7*i + 2*i. Let n be (-450)/105*(p + 0). Let k = 825 - 795. Wh